09 and 165319.
209
What is the greatest common factor of 17304 and 1512?
168
Calculate the highest common factor of 98 and 238.
14
Calculate the greatest common divisor of 255 and 34.
17
What is the highest common divisor of 44 and 132?
44
What is the highest common factor of 95 and 3610?
95
Calculate the greatest common factor of 117 and 54.
9
What is the greatest common divisor of 29400 and 168?
168
Calculate the highest common factor of 1584 and 363.
33
What is the highest common divisor of 3064 and 8?
8
Calculate the greatest common divisor of 486 and 432.
54
Calculate the greatest common factor of 12 and 3.
3
What is the highest common factor of 121 and 1?
1
Calculate the greatest common factor of 44 and 396.
44
Calculate the greatest common factor of 45 and 240.
15
Calculate the highest common divisor of 16727 and 43.
43
What is the greatest common divisor of 108 and 31788?
36
What is the greatest common divisor of 553 and 7?
7
Calculate the highest common divisor of 60 and 195.
15
Calculate the greatest common divisor of 775 and 225.
25
Calculate the greatest common divisor of 96 and 240.
48
What is the greatest common divisor of 38 and 589?
19
What is the highest common factor of 52 and 4420?
52
What is the greatest common divisor of 12 and 120?
12
What is the greatest common factor of 3 and 21?
3
What is the highest common divisor of 168 and 21?
21
What is the greatest common factor of 427 and 244?
61
What is the greatest common divisor of 192 and 744?
24
What is the greatest common divisor of 9 and 1179?
9
Calculate the greatest common factor of 1136 and 112.
16
Calculate the greatest common factor of 16 and 864.
16
Calculate the greatest common factor of 174 and 54.
6
What is the greatest common divisor of 636 and 12?
12
Calculate the greatest common divisor of 3654 and 28.
14
Calculate the greatest common factor of 1773 and 144.
9
Calculate the highest common factor of 130 and 40.
10
Calculate the highest common factor of 128 and 184.
8
Calculate the greatest common divisor of 146 and 146.
146
What is the greatest common divisor of 33 and 759?
33
Calculate the greatest common factor of 963 and 45.
9
Calculate the greatest common factor of 7316 and 93.
31
Calculate the greatest common factor of 132 and 363.
33
Calculate the highest common factor of 3861 and 286.
143
What is the highest common factor of 60 and 260?
20
Calculate the greatest common factor of 8 and 672.
8
Calculate the greatest common factor of 491 and 2.
1
What is the greatest common factor of 29 and 7946?
29
Calculate the greatest common divisor of 183 and 27.
3
Calculate the highest common divisor of 14 and 4662.
14
What is the highest common factor of 18 and 34470?
18
What is the highest common factor of 10 and 60430?
10
What is the highest common factor of 375 and 1625?
125
What is the highest common factor of 13408 and 32?
32
Calculate the highest common factor of 660 and 20.
20
What is the greatest common factor of 1445 and 85?
85
Calculate the highest common factor of 25 and 160.
5
Calculate the greatest common divisor of 55 and 4345.
55
What is the greatest common factor of 1544 and 2123?
193
Calculate the greatest common factor of 216 and 13176.
216
What is the greatest common divisor of 34 and 986?
34
Calculate the greatest common divisor of 2439 and 18.
9
Calculate the greatest common factor of 135 and 30.
15
Calculate the highest common factor of 700 and 56.
28
What is the greatest common divisor of 72 and 1224?
72
What is the highest common factor of 148 and 8806?
74
Calculate the highest common factor of 1250 and 35.
5
What is the highest common divisor of 118 and 22?
2
What is the highest common factor of 13 and 2041?
13
What is the greatest common factor of 21 and 2275?
7
Calculate the highest common divisor of 679 and 11058.
97
What is the highest common divisor of 41 and 1681?
41
What is the highest common factor of 21421 and 31?
31
What is the greatest common factor of 13 and 5603?
13
What is the greatest common factor of 447 and 3?
3
What is the highest common divisor of 12570 and 30?
30
What is the greatest common divisor of 11 and 1177?
11
What is the greatest common divisor of 36 and 1548?
36
Calculate the highest common factor of 64 and 928.
32
Calculate the greatest common divisor of 26 and 117.
13
What is the greatest common factor of 1863 and 69?
69
What is the highest common divisor of 4 and 444?
4
What is the highest common divisor of 39 and 104?
13
Calculate the highest common divisor of 10 and 74.
2
Calculate the greatest common divisor of 60 and 348.
12
What is the greatest common divisor of 1673 and 21?
7
What is the highest common factor of 10 and 80?
10
Calculate the highest common divisor of 660 and 4110.
30
What is the highest common divisor of 36 and 492?
12
Calculate the highest common divisor of 100 and 6.
2
What is the highest common factor of 140 and 952?
28
What is the greatest common divisor of 91428 and 114?
114
Calculate the greatest common divisor of 13 and 637.
13
Calculate the highest common divisor of 75 and 1455.
15
Calculate the highest common factor of 129 and 8471.
43
What is the highest common factor of 528 and 48?
48
What is the highest common factor of 23471 and 49?
49
What is the highest common divisor of 858 and 22?
22
What is the highest common divisor of 608 and 1444?
76
What is the highest common divisor of 328 and 27880?
328
What is the greatest common factor of 49 and 539?
49
What is the greatest common divisor of 5363 and 31?
31
What is the greatest common factor of 1 and 25?
1
Calculate the highest common divisor of 686 and 21.
7
Calculate the greatest common divisor of 841 and 29.
29
Calculate the greatest common divisor of 19 and 171.
19
Calculate the greatest common divisor of 10 and 755.
5
What is the highest common factor of 166 and 20750?
166
Calculate the highest common factor of 567 and 7.
7
What is the greatest common divisor of 102 and 2703?
51
Calculate the highest common divisor of 28 and 68.
4
What is the greatest common divisor of 87 and 870?
87
What is the greatest common divisor of 216 and 24?
24
What is the greatest common factor of 3213 and 27?
27
What is the highest common factor of 208 and 2340?
52
What is the highest common factor of 58 and 6206?
58
What is the highest common divisor of 25 and 30?
5
What is the greatest common factor of 12 and 1452?
12
What is the greatest common divisor of 8097 and 2?
1
What is the highest common factor of 58 and 6?
2
Calculate the greatest common divisor of 49635 and 45.
45
Calculate the greatest common factor of 4250 and 175.
25
What is the highest common divisor of 1 and 1?
1
Calculate the greatest common divisor of 1185 and 395.
395
Calculate the highest common factor of 300 and 240.
60
Calculate the greatest common divisor of 888 and 120.
24
What is the greatest common factor of 136 and 170?
34
Calculate the highest common factor of 13 and 247.
13
What is the highest common factor of 20 and 70?
10
Calculate the highest common factor of 225 and 725.
25
Calculate the greatest common factor of 111 and 1332.
111
What is the greatest common factor of 406 and 56?
14
What is the greatest common factor of 34 and 2?
2
Calculate the highest common divisor of 144 and 4338.
18
What is the greatest common divisor of 80 and 6704?
16
Calculate the greatest common factor of 52 and 78.
26
What is the greatest common factor of 3984 and 64?
16
Calculate the greatest common factor of 3108 and 36.
12
What is the greatest common divisor of 18864 and 24?
24
Calculate the highest common factor of 15 and 165.
15
Calculate the highest common divisor of 1294 and 6.
2
Calculate the highest common divisor of 6534 and 33.
33
Calculate the highest common divisor of 2565 and 95.
95
Calculate the greatest common factor of 28 and 64.
4
What is the highest common factor of 10 and 55?
5
Calculate the greatest common divisor of 6272 and 98.
98
Calculate the greatest common factor of 24 and 10.
2
What is the highest common divisor of 17 and 5?
1
What is the greatest common factor of 84 and 1218?
42
Calculate the highest common divisor of 300 and 45.
15
What is the greatest common factor of 48 and 544?
16
What is the greatest common divisor of 99 and 2409?
33
Calculate the gre